t of p?
3
What is the tens digit of 1*4 + 560/20?
3
Suppose 6*z + 456 - 1542 = 0. What is the tens digit of z?
8
Let k = -1 + 25. What is the tens digit of k?
2
Let c be (2 + -3)/(2/(-26)). Let x = c - -1. What is the tens digit of x?
1
Let j(y) = -y**3 + 8*y**2 - 7*y + 2. Let o be j(7). What is the units digit of o/(-3) + (-56)/(-12)?
4
Suppose -2*t + 30 = t. What is the units digit of t?
0
Suppose 4*w - 304 = 4*k, 3*w + 0*k = -4*k + 221. What is the tens digit of w?
7
Suppose v = -5*y - 30, 0*y + 63 = -5*v + 4*y. Let l = 32 + v. What is the tens digit of l?
1
Suppose -485 = -2*f + 5*u, -503 = -2*f + 3*u - 4*u. What is the units digit of f?
0
Let s(l) = l + 3 + 1 + l**2 - 4*l**3 - 2 - 3. What is the units digit of s(-2)?
3
Let t(v) = -112*v**2 - 3*v - 7. Let a(n) = 75*n**2 + 2*n + 5. Let q(i) = 7*a(i) + 5*t(i). Let b be q(-1). What is the tens digit of (6 + -3)*b/(-6)?
1
Let u(w) = -w + 9. Let o be u(9). Suppose 3*r + o*r = 24. What is the units digit of r?
8
Let q(n) be the third derivative of n**4/6 - 2*n**2. What is the tens digit of q(6)?
2
Let j(q) = 3*q**3 - q**2 - 2*q - 1. Let t be j(-1). Let u be (t - -2)/((-2)/4). Suppose 2*o + u*s - 2 = 0, o - s - 3*s = 21. What is the units digit of o?
5
Suppose -2*a - 10 = -7*a. Suppose 0 = 4*z - a*l - 76 + 6, 4*l - 25 = -3*z. What is the units digit of z?
5
Suppose 12*l = 11*l + 6. What is the units digit of l?
6
Suppose -19 = 8*v + 77. Let g = -15 - -3. What is the units digit of 2/v - 50/g?
4
Let l be (-45)/12*(-8)/3. Suppose j + 4*o = 6*j - 11, -l = -2*j - 4*o. What is the units digit of j?
3
Let i be 9/(-36) + 179/(-4). What is the tens digit of i/(-4) + 6/(-24)?
1
Let y(q) be the third derivative of -q**4/24 + 7*q**3/6 + 2*q**2. Let g be y(6). Let t(n) = 4*n**2 + n - 1. What is the units digit of t(g)?
4
Let h(y) = -y**3 + y**2 + y + 8. Let a be h(0). Let v = a + -2. What is the units digit of v?
6
What is the units digit of (-97)/(-3) + (-34)/(-51)?
3
Let w be (-2 + 25/10)*-10. Suppose -2*m - 47 = 5*k - m, m + 11 = -k. Let d = w - k. What is the units digit of d?
4
Let q be 8 - 3 - 2 - -19. Suppose -6*p + 2*p + 5*z + 26 = 0, 22 = 2*p + 2*z. Let y = q - p. What is the tens digit of y?
1
Let x be ((-6)/15)/((-2)/30). What is the units digit of x/((-2)/4*-4)?
3
Let o = 178 + -113. What is the tens digit of o?
6
Suppose 0 = 5*b - 2 - 3. Let p = b + -1. Suppose 2*z = -p*z + 2. What is the units digit of z?
1
Suppose 0 = -4*t - 7 + 23. Let c(g) = 2*g + 4. Let q be c(t). What is the units digit of 50/3 + q/(-18)?
6
Suppose 290 = 3*f - s, s = -5*f - 2*s + 460. What is the tens digit of f?
9
Suppose 5*q - 280 = -2*z, 4*q - 152 = -5*z + 89. What is the units digit of q?
4
Let r = -22 + 26. Let j(o) = 4*o**2 - 7*o - 4. What is the units digit of j(r)?
2
Let y be 168/(2 - -1) - -1. Let r = -33 + y. What is the units digit of r?
4
Let h(d) = d**3 - 2*d**2 - 2*d - 2. Let y be h(3). Let j = y - -2. Let z(c) = c. What is the units digit of z(j)?
3
Suppose -2*i + 4*p + 60 = 0, p + 48 - 204 = -4*i. What is the units digit of i?
8
Suppose -s + 4*m = 3*s, s - 20 = -4*m. Suppose s*y + 25 = 4*c + 3*y, 3*c = -5*y + 36. What is the units digit of c?
7
Let r = 24 - 48. Let i = r + 35. What is the units digit of i?
1
Suppose 4*r + 136 - 24 = 0. Let d be r/(-6) - 4/(-12). Suppose 41 + 24 = d*g. What is the tens digit of g?
1
Let j(o) = 4*o - 1. Let s(y) = y. Let w(x) = j(x) - s(x). Let f(d) = 5*d + 1. Let r be f(1). What is the units digit of w(r)?
7
Let m(i) be the third derivative of -i**4/12 - i**3/3 - 3*i**2. Let w(u) = -u**3 - 6*u**2 - 5*u - 5. Let n be w(-5). What is the units digit of m(n)?
8
Let y(w) = 2*w**2 - 14*w - 8. Let h be 2 - 0 - -2 - -1. Let c(v) = -v**2 + 7*v + 4. Let a(b) = h*c(b) + 2*y(b). What is the units digit of a(6)?
0
Let a be -4 + -1 + 3 + 4. Let s(y) = 2*y + 2. Let k be s(a). Suppose -2*d - 3*w + k = 0, -5*d - 4*w + 8 = -7. What is the units digit of d?
3
Suppose 3*u + v = u, 0 = -v + 4. Let k = 6 + u. Suppose 29 = 3*l + 2*a, -l - k*a = -6*a - 7. What is the units digit of l?
9
Suppose -107 = -4*g + a, -5*g + 2*a + 127 = 3*a. What is the units digit of g?
6
Let l = -4 - -5. What is the units digit of (3 + l)/(1 + 1)?
2
Let r be 0 - 7/(7/(-2)). Suppose b - 3*g = -g + 34, 2*g + 64 = r*b. What is the units digit of b?
0
Let f(m) be the first derivative of m**2/2 - 3*m - 1. Let n be f(3). Suppose n*c + 26 = 2*c. What is the tens digit of c?
1
Let o be 1/3 + (-30)/(-18). Suppose -o + 82 = 4*i. What is the tens digit of i?
2
Suppose -4*r + 29 = -3. Let t(h) = h + 2. Let p be t(5). Suppose 0 = -3*u - 4*j - r + 23, p = u + 2*j. What is the units digit of u?
1
Suppose -h = -3*x + 2*x + 15, -2*h = 2*x - 18. Suppose x = w - 0*w. What is the tens digit of w?
1
Suppose v - 3*v = 0. Let k = v - -14. What is the units digit of k?
4
Let t = -3 + 3. Suppose 2*h = -5*g + 2*g + 16, t = -5*g - 4*h + 28. Suppose 6*q = -5*a + 2*q + 16, -13 = -g*a - 3*q. What is the units digit of a?
4
Let i = -39 + 4. Let r = 50 + i. What is the tens digit of r?
1
Let c = 147 + -55. What is the units digit of c?
2
Let q = 366 + -245. What is the hundreds digit of q?
1
Let l = 46 - 23. What is the tens digit of l?
2
What is the tens digit of (204/6)/2 - 2?
1
Let x(t) = 7*t**2 + 2*t - 8. Let l(a) = 4*a**2 + a - 4. Let b(z) = -5*l(z) + 3*x(z). Let n be b(-5). Suppose n = 2*h - 18. What is the units digit of h?
7
Let w(f) = 5*f + 2. What is the units digit of w(5)?
7
Suppose 0 = 4*k + 22 - 6. Let s = -3 - k. Let m(w) = 3*w**3 + 2*w**2 - 1. What is the units digit of m(s)?
4
Let n(r) = r**2. Let b(m) = m**3 - 5*m**2 + 2*m - 5. Let q(t) = b(t) + n(t). What is the units digit of q(4)?
3
Let n = -7 + -7. Suppose 5*m = y + 120, -m + 5*y + 2 = -2*m. Let d = n + m. What is the units digit of d?
9
Suppose 3*a + 0 = 141. Let g = a + -34. What is the units digit of g?
3
Suppose -4*r - 2 = -2*r + 2*b, -2*r - 4*b + 8 = 0. Let k(t) = 1. Let h(m) = -m - 13. Let o(s) = -h(s) - 4*k(s). What is the units digit of o(r)?
3
Suppose 0 = -13*r + 7*r + 84. What is the tens digit of r?
1
Suppose 0 = -7*z + 66 + 109. What is the tens digit of z?
2
What is the units digit of (18/10 + 0)/((-3)/(-15))?
9
Let l be 1*3*7/(-21). Let a be ((-10)/(4/2))/l. What is the units digit of (2/(-1))/(a/(-5))?
2
Let o(u) = -u - 3. Let s be o(-5). Suppose 6*h - d = s*h + 85, d - 35 = -2*h. What is the units digit of h?
0
Let t(q) = q**2 + 14*q + 2. Let s be t(-14). What is the units digit of 2/s - 165/(-3)?
6
Suppose -5*u + 141 = -194. What is the tens digit of u?
6
Let g be (-6)/(-27) - (-286)/9. Let r(u) = -g + 32 + 2*u. What is the units digit of r(1)?
2
Let m(h) = -2*h - 5. What is the units digit of m(-4)?
3
Suppose 5*m + 12 = 3*m. What is the units digit of 22/(m/(-2) + -1)?
1
What is the units digit of 1 + (4 - 4) - -153?
4
Let y(m) = 2*m - 1. Let p be y(-3). Let a be -2 - (-1 + 0) - p. What is the units digit of 0 + -10*(-3)/a?
5
Let y(j) = -j**3 - 4*j**2 + 6*j + 5. Let q = -6 - -1. Let i be y(q). What is the units digit of i + 3*(-2 + 4)?
6
Let l(v) = -v - 8. Let u be l(-12). Suppose 2*h + 2*h - u = 0. What is the units digit of h?
1
Let j = 37 - 33. What is the units digit of j?
4
Let m(w) = -w**2 + 5*w - 2. Let r be m(5). Let a = r + -1. Let h = a + 5. What is the units digit of h?
2
Suppose -2*a = 4*s - 28, -s - 7 = -3*a + 14. What is the units digit of a?
8
Let f = -40 + 56. What is the units digit of f?
6
Let a(s) = -6*s - 7. Let w(t) = -17*t - 20. Let o(b) = -11*a(b) + 4*w(b). What is the tens digit of o(-8)?
1
Let f(l) = -5*l + l + 3 + 3*l. What is the units digit of f(0)?
3
Let t(g) = -1 + 36*g - 42*g + g**2 - 4. What is the units digit of t(7)?
2
Suppose -y + 4*y = 3, 2*x = -5*y + 29. Suppose -2*g = -g - x. What is the tens digit of g?
1
Let v = 13 + 10. What is the units digit of v?
3
Suppose -2*p = -3*p + 4. Let w = p - -9. What is the tens digit of w?
1
Let b(k) = -k - 3. Let p be b(-6). Suppose -o - p*w + 0*w + 16 = 0, -3*o - 4*w + 23 = 0. What is the units digit of o?
1
Let p be ((-74)/(-3))/(2/12). Let l = p - 86. Suppose -10 + l = 4*w. What is the tens digit of w?
1
Suppose -3 = -2*c + 3. Suppose c*g = -g - 3*a - 26, 0 = -a + 2. What is the units digit of (g/(-6))/(1/3)?
4
Let v = 6 - 4. Suppose -10 = -4*d + v. Suppose d = m + 2*y - 5, 4*y = 8.